= -g + 4. Let i = g + 19. Suppose 0 = -s - 3*r + 6, r + i*r + 54 = 4*s. Calculate the highest common factor of 18 and s.
6
Let t be 164/4 + 1*(-3)/(-3). What is the greatest common factor of 24 and t?
6
Let s be (-15*2/24)/((-1)/128). Calculate the greatest common divisor of 40 and s.
40
Let r(s) = -3*s - 22. Let t be r(-8). Suppose 5*z = -t*l + 364, 95 = 2*z + 5*l - 59. What is the greatest common factor of z and 8?
8
Let n be 64/10 + (-16)/40. Suppose -3*j + n = -0. Suppose j*b + 14 = 4*b. What is the highest common divisor of b and 63?
7
Let u = 53 + -12. Suppose u = 4*s + 5*p, -2*p + 3 = -s + 23. What is the highest common divisor of 7 and s?
7
Suppose h - 8 = -2*r, 5*h + 3*r - 52 = -r. What is the highest common divisor of 12 and h?
12
Suppose 5*p = 3*h - 254, -2*p - 436 = -7*h + 2*h. Calculate the greatest common factor of h and 242.
22
Let y = 99 - 99. Suppose k - 26 = -4*z, 4*k + y*k + 4 = 2*z. Let m(o) = 5*o**3 + o**2 + 2*o. Let s be m(2). What is the highest common divisor of z and s?
6
Let p be ((-16)/(-24))/(2/168). Calculate the highest common factor of 16 and p.
8
Let h = 222 + -162. Calculate the greatest common divisor of h and 132.
12
Let r(z) = -35*z - 68. Let b be r(-8). Calculate the greatest common divisor of b and 159.
53
Let t(a) = a**3 + a**2 + a + 11. Let v be t(0). Suppose 10*o + 5 = v*o. Let q = -34 - -89. What is the greatest common factor of q and o?
5
Suppose b - 1 = 4. Suppose 2*z + 3*r = 2*r + 1, -4*z = 5*r + 1. What is the highest common divisor of b and z?
1
Suppose -3*i - 5*j = 325, -2*i - 2*j - 97 = 113. Let w = i + 104. What is the highest common divisor of w and 32?
4
Suppose 0*s = 2*s - 80. Suppose 0 = -3*j - 5 + 14. Suppose 2*o = 3*z - 0*z - 42, -60 = -j*z - 4*o. What is the greatest common factor of s and z?
8
Suppose -4 = -2*a, -2*h - 5*a + 308 = 154. Calculate the greatest common divisor of h and 1656.
72
Let g be (322/(-4) - 4)*(-7 - -5). What is the greatest common factor of g and 39?
13
Let g(w) = -24 + 7*w + 5*w + 0*w**2 + 3*w - w**2. Let u be g(12). Suppose -5*l = v - 26, 2*v - 5*l = 48 + 34. What is the highest common divisor of v and u?
12
Let z be 4/(-6) - (-8)/(-6). Let a(j) = j + 4. Let n be a(z). Suppose -n*k + 38 + 74 = 0. What is the greatest common factor of 7 and k?
7
Let x(d) = 2*d**3 - 15*d**2 + 2*d - 8. Let i be x(8). Calculate the greatest common divisor of i and 24.
24
Suppose -5*k = -0 - 5. Let r = k - -31. Let a = 48 - r. Calculate the greatest common factor of a and 4.
4
Let j = 77 + -136. Let y = j - -36. Let p = y - -49. Calculate the greatest common factor of p and 65.
13
Suppose -k - 8 = 3*v, v + 0 = -4. Suppose -k*h = 3*a - a - 16, -h = -3*a + 3. Suppose -29 = -h*p + 13. Calculate the greatest common factor of p and 14.
14
Suppose -10*q = -7*q. Suppose 67 = 3*h - 2*c, -h + c + 22 = -q*h. Suppose -7*u + 2*u + 920 = 0. Calculate the highest common factor of h and u.
23
Let c(d) = d**2 + 6*d + 53. Let s be c(-9). What is the highest common factor of 112 and s?
16
Suppose -536 = -26*t + 140. Let j = 53 + -14. What is the greatest common factor of t and j?
13
Let y = -589 - -661. Calculate the highest common factor of 8 and y.
8
Let k be 6 - 5 - (1 - 36). Suppose -4*m = -4*b + k, 5*b + 5*m = -2 + 27. Let v be 6*(-96)/(-9) + -1. What is the highest common divisor of v and b?
7
Suppose 3*r + 3 - 6 = 0. Let u(z) = -17*z**2 - 188 + 186 + 7*z**2 + z**3 + 10*z. Let f be u(9). What is the greatest common divisor of f and r?
1
Let r = 2 + 47. Let x(v) = -8*v - 9. Let s be x(-2). Calculate the greatest common divisor of r and s.
7
Let i = -43 - -45. Let s = 7 - 7. Let k be 18 - s*1/1. Calculate the greatest common factor of k and i.
2
Let v(o) = -4*o + 29. Suppose 3*y + k - 25 = 0, -2*k - 11 - 9 = -4*y. Let g be v(y). What is the highest common divisor of g and 13?
1
Let u = -26 - -46. Suppose -p + d = 6*d + 28, -5*p + 4*d - 53 = 0. Let w = p + u. What is the highest common divisor of w and 77?
7
Let a(p) = p**2 - 3*p + 9. Let c be a(3). Suppose -c*k + 2*k = -441. What is the highest common factor of 9 and k?
9
Let n be 4*(-4)/(-16) - -47. Let g(z) = z + 15. Let w be g(-11). Let j = 8 + w. Calculate the highest common factor of j and n.
12
Let c be (-32)/56 - 914/(-7). What is the greatest common divisor of c and 585?
65
Let k(t) = 3*t**2 + 16*t + 26. Let f be k(27). What is the highest common divisor of f and 115?
115
Suppose -5*i + l + 401 = -894, i - 259 = -4*l. Let c be (-1)/(2/(-222)*3). Calculate the highest common divisor of c and i.
37
Let z = 13 + -10. Suppose -1 = -4*n + z. Suppose 0 = o - n - 0. What is the greatest common divisor of o and 9?
1
Let s = 505 - 484. Calculate the highest common divisor of s and 49.
7
Let y be ((-5)/3)/(2/(-48)). Let i = -32 + 35. Let x be -4*(i/(-3) - 1). What is the highest common divisor of x and y?
8
Let j(k) = -k**3 + 4*k**2 - 9*k + 8. Let u be j(6). Suppose 4*y - 162 = -3*l, -10 = l + 4*l. Let o = y - u. Calculate the highest common factor of 20 and o.
20
Let s(j) = 20*j + 3. Let m be s(3). Let f = -42 + 44. Suppose 0 = -5*k - 5, -3*c - f*k + 124 = -0*k. What is the highest common divisor of m and c?
21
Suppose -3*w - 42 = -8*w - 4*i, -w = 2*i - 6. Let d = 242 - 42. Suppose 4*p - 8*p + d = 0. Calculate the highest common factor of p and w.
10
Let w(l) = -16*l + 1. Let h be w(-1). Let k = h + -9. Suppose 2*d - k = 14. Calculate the highest common factor of d and 11.
11
Let h(f) = -2*f - 6. Let m be h(3). Let v be (13/(-39))/(1/m). What is the highest common factor of v and 4?
4
Let i(q) = -21*q + 18. Let f be i(-3). Suppose -270 + f = -9*m. What is the greatest common factor of m and 210?
21
Let p(z) = -5*z + 287. Let k be p(-13). Calculate the highest common factor of k and 22.
22
Suppose 0 = 3*y - 2*y - 60. Calculate the greatest common factor of y and 84.
12
Suppose -77 = -b + 5*m, -2*b + 0*m + 4*m = -130. What is the greatest common factor of b and 19?
19
Let y = -926 + 928. Let i be (-1)/(-1) + 3 + -2. What is the highest common divisor of y and i?
2
Suppose 33*p + 612 = 50*p. Calculate the highest common divisor of p and 3708.
36
Suppose 0 = 11*k + 24*k - 36400. What is the greatest common divisor of 13 and k?
13
Suppose w + 0 = 4. Let a be -1 + 1 - (-5)/5. Let h be a - 2 - -2 - 0. What is the greatest common divisor of h and w?
1
Let m be (-34 + 3)/((5 + -8)/3). What is the highest common factor of 93 and m?
31
Let i(m) = 9*m**2 - m - 1. Let k be i(-1). Suppose -k = 10*y - 11*y. Calculate the greatest common factor of 1 and y.
1
Suppose g + 5 = 6*g. Suppose -g = w - 37. Calculate the highest common divisor of 90 and w.
18
Suppose 7*o - 3*r = 2*o + 142, -3*o = 3*r - 66. Let m be (-1100)/(-28) - 6/21. Suppose -4*q + m = -q. Calculate the highest common divisor of q and o.
13
Let p(n) = -n**3 + 12*n**2 - 9*n - 9. Let s be p(11). Let m be 4/26 - 522/s. Let v = -19 - m. Calculate the greatest common factor of 21 and v.
21
Suppose -70 = 513*u - 518*u. Suppose 72 = 4*y - 208. Calculate the greatest common divisor of u and y.
14
Let x(h) = -h**3 - 7*h**2 - 4*h - 8. Let v be x(-6). Let i be v/8*88/(-5). Calculate the greatest common divisor of i and 66.
22
Suppose -2*c = -4*u + 862, u + 6*c = 3*c + 233. Suppose -3*x = -5*r + 158 + 186, u = 3*r + 4*x. Calculate the greatest common divisor of r and 14.
14
Suppose -2*b - 5*c + 89 = 12, 0 = -b + c + 49. What is the greatest common divisor of 621 and b?
23
Suppose 63*p - 342 = 25*p. Let c be (-44)/6*(-54)/4. What is the greatest common factor of p and c?
9
Let p = -1098 - -1438. Calculate the greatest common divisor of 408 and p.
68
Let m(a) = 27 + 7*a - 3*a**3 - 5*a**2 + a**3 + a**3 - 23. Let q be m(-8). Suppose -4*b - 36 = -q. Calculate the highest common divisor of 39 and b.
13
Let o be (-9)/6*(-41 - -1). What is the greatest common divisor of o and 12?
12
Suppose 3*p - j - 11 = 28, j + 25 = 2*p. Let l(m) = 6*m - 48. Let y be l(p). Calculate the greatest common divisor of y and 12.
12
Let c = -482 - -610. Calculate the greatest common factor of 448 and c.
64
Suppose 11*x = 525 - 30. Calculate the highest common divisor of 105 and x.
15
Let c be 2/9 - 35150/(-666). Calculate the greatest common divisor of 53 and c.
53
Suppose 9*t - 7*t = 4. Suppose -t*x + 32 = -4*n, 2 = -x - 4*n - 0. Let y = 